 factor of h and 25?
25
Suppose -3*o + 39 - 6 = -5*a, -5*a + 5*o - 35 = 0. Let x be (-100)/a*96/10. Suppose 3*f - 8 - 52 = 0. What is the greatest common divisor of f and x?
20
Let d(g) = g**3 + 15*g**2 + 4*g - 6. Let x be d(-4). Calculate the greatest common divisor of 14 and x.
14
Let n = -131 + 25. Let z = 156 + n. Calculate the greatest common factor of 10 and z.
10
Let r(j) = -120*j**3 - j**2 - 4*j - 3. Let i be r(-1). What is the highest common divisor of 405 and i?
15
Let k be (-5 - -2) + 16 - -2. Suppose 0 = -4*q - 2*u + 142, 2 = -q + 4*u + k. What is the highest common factor of 264 and q?
33
Suppose p + 2*p - c = 66, -5*p - 3*c = -96. Let j be 420/2*(-2)/(-5). What is the greatest common divisor of p and j?
21
Let o(v) = -3*v**2 - 3*v - 1. Let l be o(-2). Let f(x) = -4*x - 13. Let u be f(l). What is the greatest common divisor of u and 105?
15
Let w be (-5 + (-54)/(-12))*306/(-9). Calculate the greatest common factor of 1 and w.
1
Let d = -69 + 74. Suppose 4*a = -0*a - 12, 2*v + a - 77 = 0. Calculate the greatest common factor of d and v.
5
Let r(y) = -22*y - 66. Let p be r(-10). What is the greatest common divisor of 286 and p?
22
Suppose v = -4*o + 142, -4*o = 5*v - 294 - 368. Suppose -6*f + f = v. Let t = 28 + f. Calculate the greatest common factor of 16 and t.
2
Let r = 3 + 2. Suppose -r*v + 2 = 4*j + 7, -2*j + 25 = -3*v. Suppose -j*a + 183 = -12. What is the highest common divisor of a and 26?
13
Let h = 116 + -67. Suppose 54*q - 70 = h*q. What is the highest common divisor of 21 and q?
7
Let d be 1/((-3 + 2)/(-9)). Let k(l) = -7*l - 3. Let x be k(-3). Suppose -c - x = -19. Calculate the greatest common divisor of c and d.
1
Let i(h) = 3*h. Let o be i(2). Suppose -y = -o*y + 315. Let g = 745 - 736. What is the highest common factor of y and g?
9
Suppose 0 = -5*r - 8 + 23. Let b = 6 + 3. Calculate the greatest common divisor of b and r.
3
Suppose 0*a + 4*a + 48 = 4*x, 0 = -2*a - 5*x - 17. Let q(l) = l**2 - 3*l + 5. Let f be q(9). Let h = a + f. Calculate the greatest common divisor of h and 12.
12
Let c(r) = r**2 + 14*r - 10. Let h be c(-12). Let s = 72 + h. What is the greatest common factor of 57 and s?
19
Suppose 0 = 5*v - 3*k - 17, -4*k - 1 + 13 = 2*v. Suppose v*z + 230 = -l + 4*l, l = -5*z + 45. Calculate the highest common factor of l and 40.
10
Suppose 0*a + 12 = -3*a. Let z be (-15 - (-6 - 0))*(a + -1). What is the greatest common factor of z and 18?
9
Let n = 448 - 443. Calculate the highest common divisor of 15 and n.
5
Let s = 268 + -254. Let o = -85 - -120. What is the highest common factor of s and o?
7
Let u be (-5)/(-10)*-2 + (-4 - -9). What is the highest common factor of 16 and u?
4
Suppose -4*w + f + 91 = -2*f, -3*f + 34 = w. Let a = 25 + w. Calculate the greatest common divisor of 10 and a.
10
Let l = 1119 - 995. Calculate the greatest common divisor of l and 620.
124
Suppose -561 = -44*d + 11*d. Let n be 2 + 0 - -82 - -1. Calculate the greatest common divisor of n and d.
17
Let y(b) = -2*b - 33. Let w be y(-12). Let x = w - -37. What is the greatest common divisor of 7 and x?
7
Let y be -7 + (-2135)/14 + 2/4. Let s = -123 - y. Suppose 5*v - 2*x = 57 - 2, 3*v = -x + 22. What is the greatest common factor of s and v?
9
Let u be 216/(-45)*(-50)/6. What is the highest common factor of 380 and u?
20
Suppose -1310 + 1158 = -c. What is the greatest common factor of c and 64?
8
Let f be 6 + -3 - (18 - 1). Let c = -3 - f. Let o be (-4 + 25/5)/((-1)/(-33)). Calculate the highest common divisor of c and o.
11
Let n(v) = -5*v - 10*v - 16*v**2 + 1 - 2*v**3 + v**3. Let i = 396 + -411. Let q be n(i). Calculate the greatest common divisor of 1 and q.
1
Suppose 161 = 8*c - 303. What is the highest common factor of 522 and c?
58
Let a = -25 - -28. Suppose 0*w = 2*n - 5*w + 213, -a*n - 323 = -4*w. Let c = -76 - n. What is the highest common divisor of 231 and c?
33
Let b be (-12)/9 + 576/27. What is the greatest common divisor of b and 55?
5
Suppose 42*t = 31*t + 132. Calculate the greatest common factor of 606 and t.
6
Let a(c) = c**3 - 5*c**2 - 8*c + 3. Let m be a(6). Let t = -2 - -8. Let j be (-171)/2*t/m. What is the highest common factor of j and 19?
19
Suppose -14*g - 9*g = -322. What is the greatest common divisor of g and 994?
14
Let r(c) be the third derivative of c**5/10 - c**4/4 - c**3/6 - 8*c**2. Let j be r(2). What is the greatest common factor of j and 88?
11
Let u(y) = 5*y + 19. Let a be u(-15). Let n = 58 + a. What is the greatest common divisor of n and 22?
2
Let g = -16 + 18. Let i be -102*g*(-4)/24. Calculate the highest common factor of 102 and i.
34
Suppose 14*t - 10*t - 8 = 0. Let z be (4/8)/((-2)/(-80)). Suppose 4 = a + 3*w, a = -4*a - w + z. Calculate the highest common factor of a and t.
2
Let k(q) be the third derivative of -q**4/24 - 7*q**3/3 - 3*q**2. Let a be k(-6). Let v be (25 - 2) + a/4. What is the highest common factor of 168 and v?
21
Let a(s) = 206*s + 98. Let z be a(2). What is the highest common divisor of 30 and z?
30
Let g = 127 + -91. Calculate the highest common factor of g and 60.
12
Suppose 3*k + k + 32 = 0. Let i(j) = j**3 + 9*j**2 + 7*j - 6. Let g be i(k). Suppose 5*o - g*o - 27 = 0. Calculate the highest common factor of 1 and o.
1
Let g(r) = 2*r**2 + 12*r + 21. Let u be g(-6). What is the greatest common factor of u and 273?
21
Suppose 3*l - 4*r = -196 + 625, 4*l + 4*r - 572 = 0. Calculate the highest common factor of 11 and l.
11
Let q = 40 - 21. Let d = q - 14. Suppose -d*n + 242 = 2*w, -145 = -4*n + n - w. What is the highest common factor of 72 and n?
24
Let k(a) = 9*a**2 - 3*a - 1. Let y be k(1). Suppose -5*b + 5*f + 2215 = 0, 2*f + f = -y*b + 2255. Calculate the highest common factor of 56 and b.
56
Let s = 78 + -57. Let k be 0 - (-4)/(-14) - (-90)/s. What is the highest common factor of 12 and k?
4
Suppose -3*h + 1743 = 3*l - 0*h, 4*l - 4*h - 2356 = 0. Calculate the greatest common divisor of l and 65.
65
Let t be 300/(-6*(-2)/(-16)). Let j = -238 - t. Let l = 25 - 7. Calculate the highest common divisor of j and l.
18
Let h be -4 + 63 + (-3)/(-1). Let v = 557 - 464. What is the highest common factor of v and h?
31
Let x(s) = s. Let m be x(-1). Let d be (-32)/(-2) + m + -3. Let p(v) = -v**3 + 8*v**2 - 2*v + 1. Let a be p(7). What is the highest common divisor of a and d?
12
Let c(v) = v**3 - 6*v**2 + 7. Let g be c(6). Let p = 1 + g. Let f be -2*(-19)/(38/12). What is the greatest common factor of p and f?
4
Let j = -130 - -305. Suppose -11 = g - x - 56, 0 = -4*g + 3*x + j. What is the highest common divisor of 120 and g?
40
Let o(l) = l**3 - 15*l**2 + 20*l + 8. Let u be o(14). Let g = 76 - 53. Calculate the highest common divisor of g and u.
23
Suppose -7 = -4*n + 2*z + 65, 4*n - 4*z - 80 = 0. Suppose -64*b + 39*b + 800 = 0. Calculate the highest common divisor of b and n.
16
Let b(d) = 6*d**2 - 4*d. Let g be b(3). Let s be ((-140)/30 + 4/1)*-42. What is the highest common factor of g and s?
14
Suppose 2*z + 9*z - 308 = 0. Let n = z - 15. Suppose -4*t + 110 = 4*c - t, 4*t = 3*c - 70. What is the greatest common divisor of n and c?
13
Let h = -3574 - -3607. Suppose -4*d + 693 = -d. What is the greatest common divisor of d and h?
33
Let p(z) = 162*z**3 - 2*z - 7 - 4 - 161*z**3 + 10*z**2. Let n be p(-10). Calculate the highest common factor of 36 and n.
9
Suppose 2*b = 4*b. Let o = 0 + b. Let w be 17 + 3/1 + o. What is the highest common factor of 8 and w?
4
Let w be 0 - 2 - (-1 - 17). Suppose 0 = -10*y - 3*y - 104. Let m be (w/6)/(y/(-36)). What is the greatest common divisor of 48 and m?
12
Let m be -12*(-8 - (2 + -7)). What is the highest common factor of 180 and m?
36
Suppose 4*w = 3*r - 1164, 5*r - r = -4*w + 1524. Calculate the greatest common divisor of 144 and r.
48
Suppose -32 = -4*i + 2*r, 4*r = -4*i + 2*r + 24. Let d = 13 + i. Suppose 6*y = -2*y + 240. Calculate the highest common divisor of y and d.
10
Suppose 2*z = -x + 2*x, 4*x = -4*z - 36. Let o = 8 - x. Suppose -g = -20 - 15. Calculate the highest common divisor of o and g.
7
Let y be ((-2)/7)/((-5)/70). Suppose -8*n + y*n + 60 = 0. Suppose -3*t + n = 5*d - 12, 28 = 4*d - 4*t. Calculate the greatest common divisor of d and 18.
6
Let c = 592 + -424. What is the greatest common divisor of c and 21?
21
Suppos